rime factors of 355678.
2, 177839
List the prime factors of 4480259.
7, 101, 6337
What are the prime factors of 1993213?
137, 14549
List the prime factors of 4605688.
2, 575711
List the prime factors of 780411.
3, 260137
What are the prime factors of 2994480?
2, 3, 5, 4159
List the prime factors of 4380165.
3, 5, 19, 47, 109
What are the prime factors of 68201?
7, 9743
What are the prime factors of 135069?
3, 11, 4093
List the prime factors of 3678938.
2, 1839469
What are the prime factors of 10631205?
3, 5, 13, 17, 1069
What are the prime factors of 4228051?
19, 193, 1153
List the prime factors of 5499959.
17, 19031
What are the prime factors of 7469444?
2, 43, 43427
List the prime factors of 157225.
5, 19, 331
What are the prime factors of 1262129?
11, 179, 641
List the prime factors of 426307.
7, 60901
What are the prime factors of 16083519?
3, 19, 282167
List the prime factors of 1479701.
19, 47, 1657
List the prime factors of 6790462.
2, 7, 37, 13109
List the prime factors of 13845632.
2, 23, 4703
What are the prime factors of 2260181?
7, 11, 149, 197
What are the prime factors of 221525?
5, 8861
What are the prime factors of 2198426?
2, 181, 6073
List the prime factors of 1276158.
2, 3, 13, 16361
What are the prime factors of 631586?
2, 47, 6719
List the prime factors of 298541.
79, 3779
What are the prime factors of 135070?
2, 5, 13, 1039
List the prime factors of 4280422.
2, 499, 4289
List the prime factors of 4500380.
2, 5, 43, 5233
What are the prime factors of 421355?
5, 11, 47, 163
What are the prime factors of 831830?
2, 5, 193, 431
What are the prime factors of 191745?
3, 5, 4261
What are the prime factors of 28115443?
28115443
List the prime factors of 106673.
7, 311
List the prime factors of 649149.
3, 151, 1433
List the prime factors of 146098.
2, 17, 4297
What are the prime factors of 1183831?
11, 107621
What are the prime factors of 946499?
79, 11981
List the prime factors of 274882.
2, 167, 823
List the prime factors of 12823147.
12823147
What are the prime factors of 4310166?
2, 3, 7, 41, 2503
What are the prime factors of 98379?
3, 17, 643
What are the prime factors of 4898534?
2, 59, 41513
List the prime factors of 558882.
2, 3, 61, 509
List the prime factors of 538014.
2, 3, 89669
List the prime factors of 32605796.
2, 17, 479497
List the prime factors of 757165.
5, 151433
List the prime factors of 176006.
2, 88003
List the prime factors of 307025.
5, 12281
List the prime factors of 186359.
157, 1187
What are the prime factors of 939922?
2, 233, 2017
What are the prime factors of 10896894?
2, 3, 23, 26321
What are the prime factors of 20367172?
2, 7, 727399
What are the prime factors of 88091?
137, 643
List the prime factors of 21161.
7, 3023
What are the prime factors of 183837?
3, 233, 263
What are the prime factors of 376811?
376811
What are the prime factors of 10847?
10847
List the prime factors of 54097.
47, 1151
What are the prime factors of 36034023?
3, 181, 66361
List the prime factors of 790694.
2, 23, 17189
List the prime factors of 121593.
3, 40531
List the prime factors of 1358898.
2, 3, 226483
What are the prime factors of 6325346?
2, 3162673
What are the prime factors of 233682?
2, 3, 17, 29, 79
List the prime factors of 3982451.
11, 47, 7703
What are the prime factors of 4137153?
3, 467, 2953
List the prime factors of 360942.
2, 3, 43, 1399
What are the prime factors of 2599488?
2, 3, 4513
List the prime factors of 6741871.
59, 114269
List the prime factors of 2282293.
13, 419
What are the prime factors of 1322395?
5, 73, 3623
List the prime factors of 8184071.
7, 103, 11351
List the prime factors of 1759080.
2, 3, 5, 107, 137
List the prime factors of 335966.
2, 173, 971
List the prime factors of 386567.
571, 677
List the prime factors of 1393973.
7, 19, 47, 223
What are the prime factors of 223862?
2, 173, 647
List the prime factors of 12917295.
3, 5, 151, 1901
What are the prime factors of 6756349?
41, 164789
List the prime factors of 1711839.
3, 570613
List the prime factors of 3217686.
2, 3, 536281
List the prime factors of 18756330.
2, 3, 5, 29, 21559
List the prime factors of 4369.
17, 257
What are the prime factors of 876435?
3, 5, 7, 17, 491
What are the prime factors of 828509?
11, 109, 691
What are the prime factors of 16020436?
2, 271, 14779
List the prime factors of 248140.
2, 5, 19, 653
What are the prime factors of 440959?
440959
List the prime factors of 1025562.
2, 3, 170927
What are the prime factors of 51790?
2, 5, 5179
What are the prime factors of 511169?
511169
List the prime factors of 3492916.
2, 7, 71, 251
What are the prime factors of 1514039?
1514039
What are the prime factors of 39981506?
2, 31, 644863
What are the prime factors of 914057?
113, 8089
What are the prime factors of 257422?
2, 11, 11701
List the prime factors of 66469.
13, 5113
List the prime factors of 402607.
29, 13883
List the prime factors of 85714.
2, 17, 2521
List the prime factors of 2385611.
2385611
List the prime factors of 250337.
59, 4243
What are the prime factors of 381046?
2, 190523
What are the prime factors of 77211?
3, 23, 373
What are the prime factors of 1657847?
269, 6163
What are the prime factors of 28388?
2, 47, 151
What are the prime factors of 343618?
2, 11, 15619
List the prime factors of 13064302.
2, 823, 7937
What are the prime factors of 132764?
2, 33191
List the prime factors of 13500537.
3, 251, 17929
List the prime factors of 86766.
2, 3, 14461
List the prime factors of 20257550.
2, 5, 379, 1069
What are the prime factors of 510957?
3, 56773
What are the prime factors of 112848?
2, 3, 2351
List the prime factors of 27630.
2, 3, 5, 307
List the prime factors of 14423355.
3, 5, 197, 1627
What are the prime factors of 13398580?
2, 5, 13, 29, 1777
What are the prime factors of 1015?
5, 7, 29
List the prime factors of 464489.
41, 11329
What are the prime factors of 473368?
2, 7, 79, 107
List the prime factors of 243724.
2, 13, 43, 109
List the prime factors of 20888425.
5, 593, 1409
What are the prime factors of 1186041?
3, 23, 17189
What are the prime factors of 4328822?
2, 359, 6029
What are the prime factors of 191455?
5, 11, 59
What are the prime factors of 1174828?
2, 139, 2113
List the prime factors of 5759011.
5759011
List the prime factors of 3969.
3, 7
List the prime factors of 695365.
5, 11, 47, 269
List the prime factors of 6720665.
5, 7, 53, 3623
List the prime factors of 3722419.
3722419
List the prime factors of 1992140.
2, 5, 99607
What are the prime factors of 631898?
2, 315949
What are the prime factors of 1475618?
2, 737809
What are the prime factors of 3314996?
2, 191, 4339
What are the prime factors of 1747801?
11, 29, 5479
List the prime factors of 1910325.
3, 5, 25471
List the prime factors of 19495978.
2, 211, 46199
What are the prime factors of 5567?
19, 293
What are the prime factors of 944794?
2, 19, 23, 47
What are the prime factors of 166616?
2, 59, 353
List the prime factors of 719584.
2, 113, 199
List the prime factors of 7461301.
1607, 4643
List the prime factors of 1201447.
13, 92419
List the prime factors of 676838.
2, 17, 1171
List the prime factors of 5639715.
3, 5, 23, 5449
List the prime factors of 92026.
2, 11, 47, 89
What are the prime factors of 579865?
5, 11, 13, 811
What are the prime factors of 6711417?
3, 71, 389
What are the prime factors of 10100494?
2, 167, 30241
List the prime factors of 9131890.
2, 5, 17, 53717
List the prime factors of 383414.
2, 191707
What are the prime factors of 1487613?
3, 29, 17099
List the prime factors of 275726.
2, 11, 83, 151
List the prime factors of 172731.
3, 13, 43, 103
List the prime factors of 166689.
3, 18521
What are the prime factors of 616204?
2, 127, 1213
What are the prime factors of 1267492?
2, 71, 4463
List the prime factors of 82264.
2, 7, 13, 113
List the prime factors of 8509214.
2, 7, 17, 35753
List the prime factors of 167429.
167429
List the prime factors of 17740989.
3, 7, 821
List the prime factors of 362415.
3, 5, 37, 653
What are the prime factors of 983329?
983329
List the prime factors of 1709499.
3, 11, 51803
List the prime factors of 1768513.
199, 8887
What are the prime factors of 18131346?
2, 3, 1007297
What are the prime factors of 9621224?
2, 41, 29333
List the prime factors 